{"id":11796,"date":"2019-01-23T08:50:53","date_gmt":"2019-01-23T08:50:53","guid":{"rendered":"http:\/\/www.associaciobatibull.org\/reconocimientos\/"},"modified":"2019-01-23T08:50:58","modified_gmt":"2019-01-23T08:50:58","slug":"reconocimientos","status":"publish","type":"page","link":"https:\/\/associaciobatibull.org\/es\/reconocimientos\/","title":{"rendered":"Reconocimientos"},"content":{"rendered":"<div class=\"fusion-fullwidth fullwidth-box hundred-percent-fullwidth non-hundred-percent-height-scrolling\"  style='background-color: rgba(255,255,255,0);background-position: center center;background-repeat: no-repeat;padding-top:0px;padding-right:0px;padding-bottom:0px;padding-left:0px;'><div class=\"fusion-builder-row fusion-row \"><div  class=\"fusion-layout-column fusion_builder_column fusion_builder_column_1_2  fusion-one-half fusion-column-first 1_2\"  style='margin-top:0px;margin-bottom:20px;width:48%; margin-right: 4%;'>\n\t\t\t\t\t<div class=\"fusion-column-wrapper\" style=\"padding: 0px 0px 0px 0px;background-position:left top;background-repeat:no-repeat;-webkit-background-size:cover;-moz-background-size:cover;-o-background-size:cover;background-size:cover;\"  data-bg-url=\"\">\n\t\t\t\t\t\t<div class=\"fusion-text\"><h2>LA ASOCIACI\u00d3N BATIBULL PREMIADA CON DIFERENTES GALARDONES<\/h2>\n<p>La tarea educativa de la Asociaci\u00f3n Batibull ha sido reconocida con la consecuci\u00f3n de diferentes galardones, entre ellos el de la IV Edici\u00f3n de los Premios Nafent, de la entidad GREC, por el proyecto\u00a0<strong><i>Jo Vaig Ser-hi<\/i><\/strong>\u00a0de Girona y el la VI Edici\u00f3n de los Premios de Educaci\u00f3n en el Tiempo Libre, que otorga la Fundaci\u00f3n Llu\u00eds Carulla, por el proyecto\u00a0<strong><i>Morralla Espai Creatiu<\/i><\/strong>\u00a0de Blanes.<\/p>\n<p><strong>Otros reconocimientos:<\/strong><\/p>\n<p><strong>2\u00ba Premio del 1er. Concurso KABUA 2015: \u00a1J\u00f3venes para cambiar el mundo!<\/strong><br \/>\nCortometraje \u201cABRE LOS OJOS\u201d (2015). UEC Lloret de Mar.<br \/>\nEl cortometraje ha tratado la pobreza desde una mirada metaf\u00f3rica, sin dejar de lado las discapacidades a partir del lenguaje de signos.<\/p>\n<p><strong>Mejor proyecto 2014 Actividades de promoci\u00f3n de la salud y h\u00e1bitos saludables y acciones de mejora de la calidad de vida Dipsalut.<br \/>\n<\/strong>VIDA.doc (2014)\u00a0<em>Els Qu\u00edmics Espai Jove, Girona<br \/>\n<\/em>Taller audiovisual de habilidades para la vida para adolescentes y j\u00f3venes (Ayuntamiento de Girona, Dipsalut, Direcci\u00f3n General de Juventud de la Generalitat de Catalunya).<\/p>\n<p><strong>Premio GREC 2009 Comarcas de Girona IV Edici\u00f3n Premio Nafent y Memoria GREC.<br \/>\n<\/strong>JO VAIG SER-HI (2008-2009),\u00a0<em>Girona<br \/>\n<\/em>Proyecto intergeneracional entre adolescentes y personas mayores. Estaci\u00f3n joven, Casals de Mayores (Ayuntamiento de Girona).<\/p>\n<p><strong>Premio VI Edici\u00f3n Premios de Educaci\u00f3n en el Tiempo Libre, Fundaci\u00f3n Llu\u00eds Carulla.<br \/>\n<\/strong>MORRALLA, ESPAI CREATIU (2007-08-09-2010),\u00a0<em>Blanes<br \/>\n<\/em>Espacio para J\u00f3venes. Talleres art\u00edsticos para adolescentes (Ayuntamiento de Blanes)<\/p>\n<\/div><div class=\"fusion-clearfix\"><\/div>\n\n\t\t\t\t\t<\/div>\n\t\t\t\t<\/div><div  class=\"fusion-layout-column fusion_builder_column fusion_builder_column_1_2  fusion-one-half fusion-column-last 1_2\"  style='margin-top:0px;margin-bottom:20px;width:48%'>\n\t\t\t\t\t<div class=\"fusion-column-wrapper\" style=\"padding: 0px 0px 0px 0px;background-position:left top;background-repeat:no-repeat;-webkit-background-size:cover;-moz-background-size:cover;-o-background-size:cover;background-size:cover;\"  data-bg-url=\"\">\n\t\t\t\t\t\t<span class=\"fusion-imageframe imageframe-none imageframe-1 hover-type-none\"><img decoding=\"async\" src=\"http:\/\/www.associaciobatibull.org\/wp-content\/uploads\/2013\/06\/Premi.jpg\" width=\"\" height=\"\" alt=\"\" title=\"\" class=\"img-responsive\"\/><\/span><div class=\"fusion-sep-clear\"><\/div><div class=\"fusion-separator fusion-full-width-sep sep-none\" style=\"margin-left: auto;margin-right: auto;margin-top:8px;margin-bottom:8px;\"><\/div><div class=\"fusion-text\"><p><strong>Premio proyecto m\u00e1s innovador (2004).<br \/>\n<\/strong>ART-CREA (2003-04-05),\u00a0<em>Girona<br \/>\n<\/em>Talleres art\u00edsticos destinados a adolescentes con riesgo social. Centro C\u00edvico Pont Major. Consejo Nacional de Juventud de Catalu\u00f1a (CNJC). Subvencionado por INJUVE (Instituto Nacional de la Juventud), Secretar\u00eda General de Juventud de Catalu\u00f1a (SGJC) y Ayuntamiento de Girona.<\/p>\n<p><strong>Nominados premio Joaquim Franch.<br \/>\n<\/strong>OIKOS, \u201cLa Encina Milenaria\u201d,\u00a0<em>Barcelona<br \/>\n<\/em>(Ayuntamiento de Barcelona).<\/p>\n<\/div><div class=\"fusion-clearfix\"><\/div>\n\n\t\t\t\t\t<\/div>\n\t\t\t\t<\/div><div  class=\"fusion-layout-column fusion_builder_column fusion_builder_column_1_1  fusion-one-full fusion-column-first fusion-column-last fusion-column-no-min-height 1_1\"  style='margin-top:0px;margin-bottom:0px;'>\n\t\t\t\t\t<div class=\"fusion-column-wrapper\" style=\"padding: 0px 0px 0px 0px;background-position:left top;background-repeat:no-repeat;-webkit-background-size:cover;-moz-background-size:cover;-o-background-size:cover;background-size:cover;\"  data-bg-url=\"\">\n\t\t\t\t\t\t<div class=\"fusion-social-links\"><div class=\"fusion-social-networks\"><div class=\"fusion-social-networks-wrapper\"><\/div><\/div><\/div><div class=\"fusion-clearfix\"><\/div>\n\n\t\t\t\t\t<\/div>\n\t\t\t\t<\/div><\/div><\/div>\n","protected":false},"excerpt":{"rendered":"","protected":false},"author":1,"featured_media":0,"parent":0,"menu_order":0,"comment_status":"closed","ping_status":"closed","template":"","meta":{"footnotes":""},"class_list":["post-11796","page","type-page","status-publish","hentry"],"yoast_head":"<!-- This site is optimized with the Yoast SEO plugin v26.6 - https:\/\/yoast.com\/wordpress\/plugins\/seo\/ -->\n<title>Reconocimientos - BATIBULL<\/title>\n<meta name=\"robots\" content=\"index, follow, max-snippet:-1, max-image-preview:large, max-video-preview:-1\" \/>\n<link rel=\"canonical\" href=\"https:\/\/associaciobatibull.org\/es\/reconocimientos\/\" \/>\n<meta property=\"og:locale\" content=\"es_ES\" \/>\n<meta property=\"og:type\" content=\"article\" \/>\n<meta property=\"og:title\" content=\"Reconocimientos - BATIBULL\" \/>\n<meta property=\"og:url\" content=\"https:\/\/associaciobatibull.org\/es\/reconocimientos\/\" \/>\n<meta property=\"og:site_name\" content=\"BATIBULL\" \/>\n<meta property=\"article:publisher\" content=\"https:\/\/www.facebook.com\/associaciobatibullgirona\/\" \/>\n<meta property=\"article:modified_time\" content=\"2019-01-23T08:50:58+00:00\" \/>\n<meta property=\"og:image\" content=\"https:\/\/associaciobatibull.org\/wp-content\/uploads\/2016\/05\/logo-retina-mac.png\" \/>\n\t<meta property=\"og:image:width\" content=\"382\" \/>\n\t<meta property=\"og:image:height\" content=\"120\" \/>\n\t<meta property=\"og:image:type\" content=\"image\/png\" \/>\n<meta name=\"twitter:card\" content=\"summary_large_image\" \/>\n<meta name=\"twitter:label1\" content=\"Tiempo de lectura\" \/>\n\t<meta name=\"twitter:data1\" content=\"3 minutos\" \/>\n<script type=\"application\/ld+json\" class=\"yoast-schema-graph\">{\"@context\":\"https:\/\/schema.org\",\"@graph\":[{\"@type\":\"WebPage\",\"@id\":\"https:\/\/associaciobatibull.org\/es\/reconocimientos\/\",\"url\":\"https:\/\/associaciobatibull.org\/es\/reconocimientos\/\",\"name\":\"Reconocimientos - BATIBULL\",\"isPartOf\":{\"@id\":\"https:\/\/associaciobatibull.org\/#website\"},\"datePublished\":\"2019-01-23T08:50:53+00:00\",\"dateModified\":\"2019-01-23T08:50:58+00:00\",\"breadcrumb\":{\"@id\":\"https:\/\/associaciobatibull.org\/es\/reconocimientos\/#breadcrumb\"},\"inLanguage\":\"es\",\"potentialAction\":[{\"@type\":\"ReadAction\",\"target\":[\"https:\/\/associaciobatibull.org\/es\/reconocimientos\/\"]}]},{\"@type\":\"BreadcrumbList\",\"@id\":\"https:\/\/associaciobatibull.org\/es\/reconocimientos\/#breadcrumb\",\"itemListElement\":[{\"@type\":\"ListItem\",\"position\":1,\"name\":\"Inici\",\"item\":\"https:\/\/associaciobatibull.org\/es\/\"},{\"@type\":\"ListItem\",\"position\":2,\"name\":\"Reconocimientos\"}]},{\"@type\":\"WebSite\",\"@id\":\"https:\/\/associaciobatibull.org\/#website\",\"url\":\"https:\/\/associaciobatibull.org\/\",\"name\":\"BATIBULL\",\"description\":\"Associaci\u00f3 Juvenil de Girona\",\"publisher\":{\"@id\":\"https:\/\/associaciobatibull.org\/#organization\"},\"potentialAction\":[{\"@type\":\"SearchAction\",\"target\":{\"@type\":\"EntryPoint\",\"urlTemplate\":\"https:\/\/associaciobatibull.org\/?s={search_term_string}\"},\"query-input\":{\"@type\":\"PropertyValueSpecification\",\"valueRequired\":true,\"valueName\":\"search_term_string\"}}],\"inLanguage\":\"es\"},{\"@type\":\"Organization\",\"@id\":\"https:\/\/associaciobatibull.org\/#organization\",\"name\":\"BATIBULL\",\"alternateName\":\"Batibull\",\"url\":\"https:\/\/associaciobatibull.org\/\",\"logo\":{\"@type\":\"ImageObject\",\"inLanguage\":\"es\",\"@id\":\"https:\/\/associaciobatibull.org\/#\/schema\/logo\/image\/\",\"url\":\"https:\/\/www.associaciobatibull.org\/wp-content\/uploads\/2018\/05\/associacio-batibull-e1461772803928-1.png\",\"contentUrl\":\"https:\/\/www.associaciobatibull.org\/wp-content\/uploads\/2018\/05\/associacio-batibull-e1461772803928-1.png\",\"width\":191,\"height\":60,\"caption\":\"BATIBULL\"},\"image\":{\"@id\":\"https:\/\/associaciobatibull.org\/#\/schema\/logo\/image\/\"},\"sameAs\":[\"https:\/\/www.facebook.com\/associaciobatibullgirona\/\",\"https:\/\/www.instagram.com\/associaciobatibull\/\"]}]}<\/script>\n<!-- \/ Yoast SEO plugin. -->","yoast_head_json":{"title":"Reconocimientos - BATIBULL","robots":{"index":"index","follow":"follow","max-snippet":"max-snippet:-1","max-image-preview":"max-image-preview:large","max-video-preview":"max-video-preview:-1"},"canonical":"https:\/\/associaciobatibull.org\/es\/reconocimientos\/","og_locale":"es_ES","og_type":"article","og_title":"Reconocimientos - BATIBULL","og_url":"https:\/\/associaciobatibull.org\/es\/reconocimientos\/","og_site_name":"BATIBULL","article_publisher":"https:\/\/www.facebook.com\/associaciobatibullgirona\/","article_modified_time":"2019-01-23T08:50:58+00:00","og_image":[{"width":382,"height":120,"url":"https:\/\/associaciobatibull.org\/wp-content\/uploads\/2016\/05\/logo-retina-mac.png","type":"image\/png"}],"twitter_card":"summary_large_image","twitter_misc":{"Tiempo de lectura":"3 minutos"},"schema":{"@context":"https:\/\/schema.org","@graph":[{"@type":"WebPage","@id":"https:\/\/associaciobatibull.org\/es\/reconocimientos\/","url":"https:\/\/associaciobatibull.org\/es\/reconocimientos\/","name":"Reconocimientos - BATIBULL","isPartOf":{"@id":"https:\/\/associaciobatibull.org\/#website"},"datePublished":"2019-01-23T08:50:53+00:00","dateModified":"2019-01-23T08:50:58+00:00","breadcrumb":{"@id":"https:\/\/associaciobatibull.org\/es\/reconocimientos\/#breadcrumb"},"inLanguage":"es","potentialAction":[{"@type":"ReadAction","target":["https:\/\/associaciobatibull.org\/es\/reconocimientos\/"]}]},{"@type":"BreadcrumbList","@id":"https:\/\/associaciobatibull.org\/es\/reconocimientos\/#breadcrumb","itemListElement":[{"@type":"ListItem","position":1,"name":"Inici","item":"https:\/\/associaciobatibull.org\/es\/"},{"@type":"ListItem","position":2,"name":"Reconocimientos"}]},{"@type":"WebSite","@id":"https:\/\/associaciobatibull.org\/#website","url":"https:\/\/associaciobatibull.org\/","name":"BATIBULL","description":"Associaci\u00f3 Juvenil de Girona","publisher":{"@id":"https:\/\/associaciobatibull.org\/#organization"},"potentialAction":[{"@type":"SearchAction","target":{"@type":"EntryPoint","urlTemplate":"https:\/\/associaciobatibull.org\/?s={search_term_string}"},"query-input":{"@type":"PropertyValueSpecification","valueRequired":true,"valueName":"search_term_string"}}],"inLanguage":"es"},{"@type":"Organization","@id":"https:\/\/associaciobatibull.org\/#organization","name":"BATIBULL","alternateName":"Batibull","url":"https:\/\/associaciobatibull.org\/","logo":{"@type":"ImageObject","inLanguage":"es","@id":"https:\/\/associaciobatibull.org\/#\/schema\/logo\/image\/","url":"https:\/\/www.associaciobatibull.org\/wp-content\/uploads\/2018\/05\/associacio-batibull-e1461772803928-1.png","contentUrl":"https:\/\/www.associaciobatibull.org\/wp-content\/uploads\/2018\/05\/associacio-batibull-e1461772803928-1.png","width":191,"height":60,"caption":"BATIBULL"},"image":{"@id":"https:\/\/associaciobatibull.org\/#\/schema\/logo\/image\/"},"sameAs":["https:\/\/www.facebook.com\/associaciobatibullgirona\/","https:\/\/www.instagram.com\/associaciobatibull\/"]}]}},"_links":{"self":[{"href":"https:\/\/associaciobatibull.org\/es\/wp-json\/wp\/v2\/pages\/11796","targetHints":{"allow":["GET"]}}],"collection":[{"href":"https:\/\/associaciobatibull.org\/es\/wp-json\/wp\/v2\/pages"}],"about":[{"href":"https:\/\/associaciobatibull.org\/es\/wp-json\/wp\/v2\/types\/page"}],"author":[{"embeddable":true,"href":"https:\/\/associaciobatibull.org\/es\/wp-json\/wp\/v2\/users\/1"}],"replies":[{"embeddable":true,"href":"https:\/\/associaciobatibull.org\/es\/wp-json\/wp\/v2\/comments?post=11796"}],"version-history":[{"count":3,"href":"https:\/\/associaciobatibull.org\/es\/wp-json\/wp\/v2\/pages\/11796\/revisions"}],"predecessor-version":[{"id":11799,"href":"https:\/\/associaciobatibull.org\/es\/wp-json\/wp\/v2\/pages\/11796\/revisions\/11799"}],"wp:attachment":[{"href":"https:\/\/associaciobatibull.org\/es\/wp-json\/wp\/v2\/media?parent=11796"}],"curies":[{"name":"wp","href":"https:\/\/api.w.org\/{rel}","templated":true}]}}

<div class="fusion-fullwidth fullwidth-box hundred-percent-fullwidth non-hundred-percent-height-scrolling"  style='background-color: rgba(255,255,255,0);background-position: center center;background-repeat: no-repeat;padding-top:0px;padding-right:0px;padding-bottom:0px;padding-left:0px;'><div class="fusion-builder-row fusion-row "><div  class="fusion-layout-column fusion_builder_column fusion_builder_column_1_2  fusion-one-half fusion-column-first 1_2"  style='margin-top:0px;margin-bottom:20px;width:48%; margin-right: 4%;'>
					<div class="fusion-column-wrapper" style="padding: 0px 0px 0px 0px;background-position:left top;background-repeat:no-repeat;-webkit-background-size:cover;-moz-background-size:cover;-o-background-size:cover;background-size:cover;"  data-bg-url="">
						<div class="fusion-text"><h2>LA ASOCIACIÓN BATIBULL PREMIADA CON DIFERENTES GALARDONES</h2>
<p>La tarea educativa de la Asociación Batibull ha sido reconocida con la consecución de diferentes galardones, entre ellos el de la IV Edición de los Premios Nafent, de la entidad GREC, por el proyecto <strong><i>Jo Vaig Ser-hi</i></strong> de Girona y el la VI Edición de los Premios de Educación en el Tiempo Libre, que otorga la Fundación Lluís Carulla, por el proyecto <strong><i>Morralla Espai Creatiu</i></strong> de Blanes.</p>
<p><strong>Otros reconocimientos:</strong></p>
<p><strong>2º Premio del 1er. Concurso KABUA 2015: ¡Jóvenes para cambiar el mundo!</strong><br />
Cortometraje “ABRE LOS OJOS” (2015). UEC Lloret de Mar.<br />
El cortometraje ha tratado la pobreza desde una mirada metafórica, sin dejar de lado las discapacidades a partir del lenguaje de signos.</p>
<p><strong>Mejor proyecto 2014 Actividades de promoción de la salud y hábitos saludables y acciones de mejora de la calidad de vida Dipsalut.<br />
</strong>VIDA.doc (2014) <em>Els Químics Espai Jove, Girona<br />
</em>Taller audiovisual de habilidades para la vida para adolescentes y jóvenes (Ayuntamiento de Girona, Dipsalut, Dirección General de Juventud de la Generalitat de Catalunya).</p>
<p><strong>Premio GREC 2009 Comarcas de Girona IV Edición Premio Nafent y Memoria GREC.<br />
</strong>JO VAIG SER-HI (2008-2009), <em>Girona<br />
</em>Proyecto intergeneracional entre adolescentes y personas mayores. Estación joven, Casals de Mayores (Ayuntamiento de Girona).</p>
<p><strong>Premio VI Edición Premios de Educación en el Tiempo Libre, Fundación Lluís Carulla.<br />
</strong>MORRALLA, ESPAI CREATIU (2007-08-09-2010), <em>Blanes<br />
</em>Espacio para Jóvenes. Talleres artísticos para adolescentes (Ayuntamiento de Blanes)</p>
</div><div class="fusion-clearfix"></div>

					</div>
				</div><div  class="fusion-layout-column fusion_builder_column fusion_builder_column_1_2  fusion-one-half fusion-column-last 1_2"  style='margin-top:0px;margin-bottom:20px;width:48%'>
					<div class="fusion-column-wrapper" style="padding: 0px 0px 0px 0px;background-position:left top;background-repeat:no-repeat;-webkit-background-size:cover;-moz-background-size:cover;-o-background-size:cover;background-size:cover;"  data-bg-url="">
						<span class="fusion-imageframe imageframe-none imageframe-1 hover-type-none"><img decoding="async" src="http://www.associaciobatibull.org/wp-content/uploads/2013/06/Premi.jpg" width="" height="" alt="" title="" class="img-responsive"/></span><div class="fusion-sep-clear"></div><div class="fusion-separator fusion-full-width-sep sep-none" style="margin-left: auto;margin-right: auto;margin-top:8px;margin-bottom:8px;"></div><div class="fusion-text"><p><strong>Premio proyecto más innovador (2004).<br />
</strong>ART-CREA (2003-04-05), <em>Girona<br />
</em>Talleres artísticos destinados a adolescentes con riesgo social. Centro Cívico Pont Major. Consejo Nacional de Juventud de Cataluña (CNJC). Subvencionado por INJUVE (Instituto Nacional de la Juventud), Secretaría General de Juventud de Cataluña (SGJC) y Ayuntamiento de Girona.</p>
<p><strong>Nominados premio Joaquim Franch.<br />
</strong>OIKOS, “La Encina Milenaria”, <em>Barcelona<br />
</em>(Ayuntamiento de Barcelona).</p>
</div><div class="fusion-clearfix"></div>

					</div>
				</div><div  class="fusion-layout-column fusion_builder_column fusion_builder_column_1_1  fusion-one-full fusion-column-first fusion-column-last fusion-column-no-min-height 1_1"  style='margin-top:0px;margin-bottom:0px;'>
					<div class="fusion-column-wrapper" style="padding: 0px 0px 0px 0px;background-position:left top;background-repeat:no-repeat;-webkit-background-size:cover;-moz-background-size:cover;-o-background-size:cover;background-size:cover;"  data-bg-url="">
						<div class="fusion-social-links"><div class="fusion-social-networks"><div class="fusion-social-networks-wrapper"></div></div></div><div class="fusion-clearfix"></div>

					</div>
				</div></div></div>

<!-- This site is optimized with the Yoast SEO plugin v26.6 - https://yoast.com/wordpress/plugins/seo/ -->
<title>Reconocimientos - BATIBULL</title>
<meta name="robots" content="index, follow, max-snippet:-1, max-image-preview:large, max-video-preview:-1" />
<link rel="canonical" href="https://associaciobatibull.org/es/reconocimientos/" />
<meta property="og:locale" content="es_ES" />
<meta property="og:type" content="article" />
<meta property="og:title" content="Reconocimientos - BATIBULL" />
<meta property="og:url" content="https://associaciobatibull.org/es/reconocimientos/" />
<meta property="og:site_name" content="BATIBULL" />
<meta property="article:publisher" content="https://www.facebook.com/associaciobatibullgirona/" />
<meta property="article:modified_time" content="2019-01-23T08:50:58+00:00" />
<meta property="og:image" content="https://associaciobatibull.org/wp-content/uploads/2016/05/logo-retina-mac.png" />
	<meta property="og:image:width" content="382" />
	<meta property="og:image:height" content="120" />
	<meta property="og:image:type" content="image/png" />
<meta name="twitter:card" content="summary_large_image" />
<meta name="twitter:label1" content="Tiempo de lectura" />
	<meta name="twitter:data1" content="3 minutos" />
<script type="application/ld+json" class="yoast-schema-graph">{"@context":"https://schema.org","@graph":[{"@type":"WebPage","@id":"https://associaciobatibull.org/es/reconocimientos/","url":"https://associaciobatibull.org/es/reconocimientos/","name":"Reconocimientos - BATIBULL","isPartOf":{"@id":"https://associaciobatibull.org/#website"},"datePublished":"2019-01-23T08:50:53+00:00","dateModified":"2019-01-23T08:50:58+00:00","breadcrumb":{"@id":"https://associaciobatibull.org/es/reconocimientos/#breadcrumb"},"inLanguage":"es","potentialAction":[{"@type":"ReadAction","target":["https://associaciobatibull.org/es/reconocimientos/"]}]},{"@type":"BreadcrumbList","@id":"https://associaciobatibull.org/es/reconocimientos/#breadcrumb","itemListElement":[{"@type":"ListItem","position":1,"name":"Inici","item":"https://associaciobatibull.org/es/"},{"@type":"ListItem","position":2,"name":"Reconocimientos"}]},{"@type":"WebSite","@id":"https://associaciobatibull.org/#website","url":"https://associaciobatibull.org/","name":"BATIBULL","description":"Associació Juvenil de Girona","publisher":{"@id":"https://associaciobatibull.org/#organization"},"potentialAction":[{"@type":"SearchAction","target":{"@type":"EntryPoint","urlTemplate":"https://associaciobatibull.org/?s={search_term_string}"},"query-input":{"@type":"PropertyValueSpecification","valueRequired":true,"valueName":"search_term_string"}}],"inLanguage":"es"},{"@type":"Organization","@id":"https://associaciobatibull.org/#organization","name":"BATIBULL","alternateName":"Batibull","url":"https://associaciobatibull.org/","logo":{"@type":"ImageObject","inLanguage":"es","@id":"https://associaciobatibull.org/#/schema/logo/image/","url":"https://www.associaciobatibull.org/wp-content/uploads/2018/05/associacio-batibull-e1461772803928-1.png","contentUrl":"https://www.associaciobatibull.org/wp-content/uploads/2018/05/associacio-batibull-e1461772803928-1.png","width":191,"height":60,"caption":"BATIBULL"},"image":{"@id":"https://associaciobatibull.org/#/schema/logo/image/"},"sameAs":["https://www.facebook.com/associaciobatibullgirona/","https://www.instagram.com/associaciobatibull/"]}]}</script>
<!-- / Yoast SEO plugin. -->

Associació Juvenil de Girona
